{"id":152,"date":"2025-07-11T09:09:28","date_gmt":"2025-07-11T09:09:28","guid":{"rendered":"https:\/\/www.soul-brasileira.org\/?page_id=152"},"modified":"2025-08-31T19:15:42","modified_gmt":"2025-08-31T19:15:42","slug":"marseille-batucada","status":"publish","type":"page","link":"https:\/\/www.soul-brasileira.org\/index.php\/marseille-batucada\/","title":{"rendered":"Samba Enredo &#8211; Batucada"},"content":{"rendered":"<p>[et_pb_section fb_built=\u00a0\u00bb1&Prime; custom_padding_last_edited=\u00a0\u00bbon|desktop\u00a0\u00bb _builder_version=\u00a0\u00bb4.25.1&Prime; _module_preset=\u00a0\u00bbdefault\u00a0\u00bb custom_padding=\u00a0\u00bb|60px|1px|60px|false|true\u00a0\u00bb custom_padding_tablet=\u00a0\u00bb|10%||10%|false|true\u00a0\u00bb custom_padding_phone=\u00a0\u00bb10%|10%|10%|10%|true|true\u00a0\u00bb global_colors_info=\u00a0\u00bb{%22gcid-5ce2ff5c-ec55-4afe-b04f-cda004e53cb8%22:%91%22background_color%22%93}\u00a0\u00bb][et_pb_row column_structure=\u00a0\u00bb1_2,1_2&Prime; _builder_version=\u00a0\u00bb4.25.1&Prime; _module_preset=\u00a0\u00bbdefault\u00a0\u00bb global_colors_info=\u00a0\u00bb{}\u00a0\u00bb][et_pb_column type=\u00a0\u00bb1_2&Prime; _builder_version=\u00a0\u00bb4.25.1&Prime; _module_preset=\u00a0\u00bbdefault\u00a0\u00bb custom_padding=\u00a0\u00bb10%||||false|false\u00a0\u00bb custom_padding_tablet=\u00a0\u00bb0%||||false|false\u00a0\u00bb custom_padding_phone=\u00a0\u00bb\u00a0\u00bb custom_padding_last_edited=\u00a0\u00bbon|desktop\u00a0\u00bb global_colors_info=\u00a0\u00bb{}\u00a0\u00bb][et_pb_heading title=\u00a0\u00bbBloco &#8211; Samba Enredo \u00a0\u00bb _builder_version=\u00a0\u00bb4.27.4&Prime; _module_preset=\u00a0\u00bbf358016e-e862-4c08-82e5-48693a10fca1&Prime; title_font=\u00a0\u00bbLato|700|||||||\u00a0\u00bb transform_translate=\u00a0\u00bb16px|-75px\u00a0\u00bb min_height=\u00a0\u00bb165.4px\u00a0\u00bb custom_margin=\u00a0\u00bb-52px||10px||false|false\u00a0\u00bb locked=\u00a0\u00bboff\u00a0\u00bb][\/et_pb_heading][et_pb_text _builder_version=\u00a0\u00bb4.27.4&Prime; _module_preset=\u00a0\u00bb25fd70ff-b8b1-4de6-8d04-aec1678fe6e0&Prime; custom_margin=\u00a0\u00bb-41px|||||\u00a0\u00bb inline_fonts=\u00a0\u00bbLato\u00a0\u00bb global_colors_info=\u00a0\u00bb{}\u00a0\u00bb]<\/p>\n<p data-start=\"639\" data-end=\"938\"><span style=\"font-family: Lato;\"><strong data-start=\"639\" data-end=\"708\">Notre association SouL Brasileira enseigne la batucada dans le style samba enredo<\/strong> \u00e0 Marseille, en transmettant l\u2019\u00e9nergie et la richesse rythmique des \u00e9coles de samba du carnaval de Rio et Sao Paulo. Nous proposons des <strong data-start=\"832\" data-end=\"884\">r\u00e9p\u00e9titions de percussions br\u00e9siliennes ouvertes \u00e0 tou.te.s<\/strong>, dans une ambiance conviviale, festive et collective.<\/span><\/p>\n<p data-start=\"940\" data-end=\"1045\"><span style=\"font-family: Lato;\">Nos r\u00e9p\u00e9titions hebdomadaires permettent de d\u00e9couvrir et pratiquer les instruments typiques de la batucada :<\/span><\/p>\n<ul data-start=\"1046\" data-end=\"1143\">\n<li data-start=\"1046\" data-end=\"1086\">\n<p data-start=\"1048\" data-end=\"1086\"><span style=\"font-family: Lato;\"><strong data-start=\"1048\" data-end=\"1057\">surdo<\/strong>, <strong data-start=\"1059\" data-end=\"1072\">repinique<\/strong>, <strong data-start=\"1074\" data-end=\"1083\">caixa<\/strong>,<\/span><\/p>\n<\/li>\n<li data-start=\"1087\" data-end=\"1143\">\n<p data-start=\"1089\" data-end=\"1143\"><span style=\"font-family: Lato;\"><strong data-start=\"1089\" data-end=\"1101\">tamborim<\/strong>, <strong data-start=\"1103\" data-end=\"1115\">chocalho<\/strong>, <strong data-start=\"1117\" data-end=\"1126\">agog\u00f4<\/strong>, <strong data-start=\"1128\" data-end=\"1137\">cu\u00edca<\/strong>, etc.<\/span><\/p>\n<\/li>\n<\/ul>\n<p data-start=\"1145\" data-end=\"1455\"><span style=\"font-family: Lato;\">Nous nous inspirons du mod\u00e8le des <strong data-start=\"1179\" data-end=\"1206\">\u00ab\u00a0baterias\u00a0\u00bb br\u00e9siliennes<\/strong>, avec un travail d\u2019ensemble, de discipline rythmique et de synchronisation collective. L\u2019objectif : <strong data-start=\"1307\" data-end=\"1398\">former un v\u00e9ritable groupe de percussions capable de jouer des morceaux de samba enredo<\/strong> puissants et entra\u00eenants, comme ceux du carnaval de Rio, S\u00e3o Paulo ou Salvador de Bahia.<\/span><\/p>\n<p data-start=\"1457\" data-end=\"1606\"><span style=\"font-family: Lato;\">Notre association intervient \u00e9galement dans des \u00e9v\u00e9nements publics ou priv\u00e9s \u00e0 Marseille et dans la r\u00e9gion (festivals, carnavals, \u00e9coles\u2026).<\/span><\/p>\n<p data-start=\"1608\" data-end=\"1792\"><span style=\"font-family: Lato;\">Que vous soyez d\u00e9butant.e ou musicien.ne confirm\u00e9.e, venez vivre l\u2019exp\u00e9rience unique de la batucada samba enredo \u00e0 Marseille : <strong data-start=\"1728\" data-end=\"1790\">rythme, partage, et vibrations venues tout droit du Br\u00e9sil<\/strong> !<\/span><\/p>\n<p>[\/et_pb_text][\/et_pb_column][et_pb_column type=\u00a0\u00bb1_2&Prime; _builder_version=\u00a0\u00bb4.25.1&Prime; _module_preset=\u00a0\u00bbdefault\u00a0\u00bb custom_padding=\u00a0\u00bb||||false|false\u00a0\u00bb global_colors_info=\u00a0\u00bb{}\u00a0\u00bb][et_pb_image src=\u00a0\u00bbhttp:\/\/www.soul-brasileira.org\/wp-content\/uploads\/2025\/07\/batucada-marseille-soul-brasilera-enredo-scaled.webp\u00a0\u00bb title_text=\u00a0\u00bbbatucada marseille soul brasilera enredo\u00a0\u00bb _builder_version=\u00a0\u00bb4.27.4&Prime; _module_preset=\u00a0\u00bbdefault\u00a0\u00bb custom_margin=\u00a0\u00bb|-13vw||18%|false|false\u00a0\u00bb custom_margin_tablet=\u00a0\u00bb|0vw||0%|false|false\u00a0\u00bb custom_margin_phone=\u00a0\u00bb\u00a0\u00bb custom_margin_last_edited=\u00a0\u00bbon|phone\u00a0\u00bb box_shadow_style=\u00a0\u00bbpreset3&Prime; box_shadow_vertical=\u00a0\u00bb30px\u00a0\u00bb box_shadow_blur=\u00a0\u00bb100px\u00a0\u00bb box_shadow_spread=\u00a0\u00bb-30px\u00a0\u00bb global_colors_info=\u00a0\u00bb{}\u00a0\u00bb][\/et_pb_image][\/et_pb_column][\/et_pb_row][\/et_pb_section][et_pb_section fb_built=\u00a0\u00bb1&Prime; fullwidth=\u00a0\u00bbon\u00a0\u00bb _builder_version=\u00a0\u00bb4.27.4&Prime; _module_preset=\u00a0\u00bbdefault\u00a0\u00bb background_image=\u00a0\u00bbhttp:\/\/www.soul-brasileira.org\/wp-content\/uploads\/2025\/07\/bandeau-3.webp\u00a0\u00bb global_colors_info=\u00a0\u00bb{}\u00a0\u00bb][et_pb_fullwidth_image src=\u00a0\u00bbhttp:\/\/www.soul-brasileira.org\/wp-content\/uploads\/2025\/07\/bandeau-3.webp\u00a0\u00bb title_text=\u00a0\u00bbbandeau 3&Prime; _builder_version=\u00a0\u00bb4.27.4&Prime; _module_preset=\u00a0\u00bbdefault\u00a0\u00bb global_colors_info=\u00a0\u00bb{}\u00a0\u00bb][\/et_pb_fullwidth_image][\/et_pb_section][et_pb_section fb_built=\u00a0\u00bb1&Prime; custom_padding_last_edited=\u00a0\u00bbon|desktop\u00a0\u00bb admin_label=\u00a0\u00bbGallery\u00a0\u00bb _builder_version=\u00a0\u00bb4.25.1&Prime; _module_preset=\u00a0\u00bbdefault\u00a0\u00bb custom_padding=\u00a0\u00bb|60px||60px|false|true\u00a0\u00bb custom_padding_tablet=\u00a0\u00bb|10%||10%|false|true\u00a0\u00bb custom_padding_phone=\u00a0\u00bb10%|10%|10%|10%|true|true\u00a0\u00bb locked=\u00a0\u00bboff\u00a0\u00bb global_colors_info=\u00a0\u00bb{%22gcid-5ce2ff5c-ec55-4afe-b04f-cda004e53cb8%22:%91%22background_color%22%93}\u00a0\u00bb][et_pb_row column_structure=\u00a0\u00bb1_2,1_2&Prime; use_custom_gutter=\u00a0\u00bbon\u00a0\u00bb gutter_width=\u00a0\u00bb2&Prime; _builder_version=\u00a0\u00bb4.25.1&Prime; _module_preset=\u00a0\u00bbdefault\u00a0\u00bb width=\u00a0\u00bb100%\u00a0\u00bb max_width=\u00a0\u00bbnone\u00a0\u00bb custom_padding=\u00a0\u00bb||||false|false\u00a0\u00bb global_colors_info=\u00a0\u00bb{}\u00a0\u00bb][et_pb_column type=\u00a0\u00bb1_2&Prime; _builder_version=\u00a0\u00bb4.25.1&Prime; _module_preset=\u00a0\u00bbdefault\u00a0\u00bb global_colors_info=\u00a0\u00bb{}\u00a0\u00bb][et_pb_image src=\u00a0\u00bbhttp:\/\/www.soul-brasileira.org\/wp-content\/uploads\/2025\/07\/batucada-marseille-soul-brasileira-enreda-13014-scaled.webp\u00a0\u00bb title_text=\u00a0\u00bbbatucada marseille soul brasileira enreda 13014&Prime; force_fullwidth=\u00a0\u00bbon\u00a0\u00bb _builder_version=\u00a0\u00bb4.27.4&Prime; _module_preset=\u00a0\u00bbdefault\u00a0\u00bb global_colors_info=\u00a0\u00bb{}\u00a0\u00bb][\/et_pb_image][\/et_pb_column][et_pb_column type=\u00a0\u00bb1_2&Prime; _builder_version=\u00a0\u00bb4.25.1&Prime; _module_preset=\u00a0\u00bbdefault\u00a0\u00bb global_colors_info=\u00a0\u00bb{}\u00a0\u00bb][et_pb_image src=\u00a0\u00bbhttp:\/\/www.soul-brasileira.org\/wp-content\/uploads\/2025\/07\/phot-soul-brasileira-la-plaine.webp\u00a0\u00bb title_text=\u00a0\u00bbphot soul brasileira la plaine\u00a0\u00bb _builder_version=\u00a0\u00bb4.27.4&Prime; _module_preset=\u00a0\u00bbdefault\u00a0\u00bb global_colors_info=\u00a0\u00bb{}\u00a0\u00bb][\/et_pb_image][\/et_pb_column][\/et_pb_row][et_pb_row _builder_version=\u00a0\u00bb4.27.4&Prime; _module_preset=\u00a0\u00bbdefault\u00a0\u00bb background_color=\u00a0\u00bbrgba(240,183,247,0.82)\u00a0\u00bb global_colors_info=\u00a0\u00bb{}\u00a0\u00bb][et_pb_column type=\u00a0\u00bb4_4&Prime; _builder_version=\u00a0\u00bb4.27.4&Prime; _module_preset=\u00a0\u00bbdefault\u00a0\u00bb global_colors_info=\u00a0\u00bb{}\u00a0\u00bb][et_pb_text _builder_version=\u00a0\u00bb4.27.4&Prime; _module_preset=\u00a0\u00bbdefault\u00a0\u00bb inline_fonts=\u00a0\u00bbLato\u00a0\u00bb global_colors_info=\u00a0\u00bb{}\u00a0\u00bb]<\/p>\n<h2 data-start=\"1112\" data-end=\"1165\" style=\"text-align: center;\"><span style=\"font-family: Lato; font-size: x-large;\"><strong data-start=\"1119\" data-end=\"1165\">Qu&rsquo;est ce qu&rsquo;une Batucada ?<\/strong><\/span><\/h2>\n<p>&nbsp;<\/p>\n<h2 data-start=\"1166\" data-end=\"1266\" style=\"text-align: left;\"><span style=\"font-family: Lato; font-size: x-large;\">La <strong data-start=\"1169\" data-end=\"1181\">batucada<\/strong> est une <strong data-start=\"1190\" data-end=\"1211\">section rythmique<\/strong> jou\u00e9e uniquement avec des percussions br\u00e9siliennes :<\/span><\/h2>\n<ul data-start=\"1267\" data-end=\"1445\" style=\"text-align: left;\">\n<li data-start=\"1267\" data-end=\"1302\">\n<h2 data-start=\"1269\" data-end=\"1302\"><span style=\"font-family: Lato; font-size: x-large;\"><strong data-start=\"1269\" data-end=\"1278\">Surdo<\/strong> (grosse caisse grave)<\/span><\/h2>\n<\/li>\n<li data-start=\"1303\" data-end=\"1332\">\n<h2 data-start=\"1305\" data-end=\"1332\"><span style=\"font-family: Lato; font-size: x-large;\"><strong data-start=\"1305\" data-end=\"1314\">Caixa<\/strong> (caisse claire)<\/span><\/h2>\n<\/li>\n<li data-start=\"1333\" data-end=\"1373\">\n<h2 data-start=\"1335\" data-end=\"1373\"><span style=\"font-family: Lato; font-size: x-large;\"><strong data-start=\"1335\" data-end=\"1348\">Repinique<\/strong> (tambour de direction)<\/span><\/h2>\n<\/li>\n<li data-start=\"1374\" data-end=\"1445\">\n<h2 data-start=\"1376\" data-end=\"1445\"><span style=\"font-family: Lato; font-size: x-large;\"><strong data-start=\"1376\" data-end=\"1388\">Tamborim<\/strong>, <strong data-start=\"1390\" data-end=\"1399\">agog\u00f4<\/strong>, <strong data-start=\"1401\" data-end=\"1413\">chocalho<\/strong>, <strong data-start=\"1415\" data-end=\"1424\">cu\u00edca<\/strong>, <strong data-start=\"1426\" data-end=\"1439\">reco-reco<\/strong>, etc.<\/span><\/h2>\n<\/li>\n<\/ul>\n<h2 data-start=\"1447\" data-end=\"1737\" style=\"text-align: left;\"><span style=\"font-family: Lato; font-size: x-large;\">Pratiqu\u00e9e aujourd\u2019hui dans le monde entier, la batucada est \u00e0 la fois <strong data-start=\"1517\" data-end=\"1545\">un art musical collectif<\/strong>, <strong data-start=\"1547\" data-end=\"1575\">une performance sc\u00e9nique<\/strong>, et <strong data-start=\"1580\" data-end=\"1626\">une v\u00e9ritable explosion d\u2019\u00e9nergie positive<\/strong>. Elle peut accompagner un cort\u00e8ge carnavalesque, animer un \u00e9v\u00e9nement, ou \u00eatre pr\u00e9sent\u00e9e en spectacle autonome.<\/span><\/h2>\n<p><span style=\"font-family: Lato; font-size: x-large;\"><\/span><\/p>\n<p><span style=\"font-family: Lato; font-size: x-large;\"><\/span><\/p>\n<h2 data-start=\"1112\" data-end=\"1165\" style=\"text-align: center;\"><span style=\"font-family: Lato; font-size: x-large;\"><strong data-start=\"1119\" data-end=\"1165\">R\u00e9p\u00e9titions les mercredis 20h-22H \u00e0 la Fraternit\u00e9 de la belle de mai (13 003)<\/strong><\/span><\/h2>\n<p>[\/et_pb_text][\/et_pb_column][\/et_pb_row][\/et_pb_section]<\/p>\n","protected":false},"excerpt":{"rendered":"<p>Notre association SouL Brasileira enseigne la batucada dans le style samba enredo \u00e0 Marseille, en transmettant l\u2019\u00e9nergie et la richesse rythmique des \u00e9coles de samba du carnaval de Rio et Sao Paulo. Nous proposons des r\u00e9p\u00e9titions de percussions br\u00e9siliennes ouvertes \u00e0 tou.te.s, dans une ambiance conviviale, festive et collective. Nos r\u00e9p\u00e9titions hebdomadaires permettent de d\u00e9couvrir [&hellip;]<\/p>\n","protected":false},"author":1,"featured_media":0,"parent":0,"menu_order":0,"comment_status":"closed","ping_status":"closed","template":"","meta":{"_et_pb_use_builder":"on","_et_pb_old_content":"","_et_gb_content_width":"","footnotes":""},"class_list":["post-152","page","type-page","status-publish","hentry"],"yoast_head":"<!-- This site is optimized with the Yoast SEO plugin v25.4 - https:\/\/yoast.com\/wordpress\/plugins\/seo\/ -->\n<title>Samba Enredo - Batucada - Soul Brasileira - Batucada Marseille<\/title>\n<meta name=\"robots\" content=\"index, follow, max-snippet:-1, max-image-preview:large, max-video-preview:-1\" \/>\n<link rel=\"canonical\" href=\"https:\/\/www.soul-brasileira.org\/index.php\/marseille-batucada\/\" \/>\n<meta property=\"og:locale\" content=\"fr_FR\" \/>\n<meta property=\"og:type\" content=\"article\" \/>\n<meta property=\"og:title\" content=\"Samba Enredo - Batucada - Soul Brasileira - Batucada Marseille\" \/>\n<meta property=\"og:description\" content=\"Notre association SouL Brasileira enseigne la batucada dans le style samba enredo \u00e0 Marseille, en transmettant l\u2019\u00e9nergie et la richesse rythmique des \u00e9coles de samba du carnaval de Rio et Sao Paulo. Nous proposons des r\u00e9p\u00e9titions de percussions br\u00e9siliennes ouvertes \u00e0 tou.te.s, dans une ambiance conviviale, festive et collective. Nos r\u00e9p\u00e9titions hebdomadaires permettent de d\u00e9couvrir [&hellip;]\" \/>\n<meta property=\"og:url\" content=\"https:\/\/www.soul-brasileira.org\/index.php\/marseille-batucada\/\" \/>\n<meta property=\"og:site_name\" content=\"Soul Brasileira - Batucada Marseille\" \/>\n<meta property=\"article:modified_time\" content=\"2025-08-31T19:15:42+00:00\" \/>\n<meta name=\"twitter:card\" content=\"summary_large_image\" \/>\n<meta name=\"twitter:label1\" content=\"Dur\u00e9e de lecture estim\u00e9e\" \/>\n\t<meta name=\"twitter:data1\" content=\"4 minutes\" \/>\n<script type=\"application\/ld+json\" class=\"yoast-schema-graph\">{\"@context\":\"https:\/\/schema.org\",\"@graph\":[{\"@type\":\"WebPage\",\"@id\":\"https:\/\/www.soul-brasileira.org\/index.php\/marseille-batucada\/\",\"url\":\"https:\/\/www.soul-brasileira.org\/index.php\/marseille-batucada\/\",\"name\":\"Samba Enredo - Batucada - Soul Brasileira - Batucada Marseille\",\"isPartOf\":{\"@id\":\"https:\/\/www.soul-brasileira.org\/#website\"},\"datePublished\":\"2025-07-11T09:09:28+00:00\",\"dateModified\":\"2025-08-31T19:15:42+00:00\",\"breadcrumb\":{\"@id\":\"https:\/\/www.soul-brasileira.org\/index.php\/marseille-batucada\/#breadcrumb\"},\"inLanguage\":\"fr-FR\",\"potentialAction\":[{\"@type\":\"ReadAction\",\"target\":[\"https:\/\/www.soul-brasileira.org\/index.php\/marseille-batucada\/\"]}]},{\"@type\":\"BreadcrumbList\",\"@id\":\"https:\/\/www.soul-brasileira.org\/index.php\/marseille-batucada\/#breadcrumb\",\"itemListElement\":[{\"@type\":\"ListItem\",\"position\":1,\"name\":\"Accueil\",\"item\":\"https:\/\/www.soul-brasileira.org\/\"},{\"@type\":\"ListItem\",\"position\":2,\"name\":\"Samba Enredo &#8211; Batucada\"}]},{\"@type\":\"WebSite\",\"@id\":\"https:\/\/www.soul-brasileira.org\/#website\",\"url\":\"https:\/\/www.soul-brasileira.org\/\",\"name\":\"Soul Brasileira - Batucada Marseille\",\"description\":\"\",\"potentialAction\":[{\"@type\":\"SearchAction\",\"target\":{\"@type\":\"EntryPoint\",\"urlTemplate\":\"https:\/\/www.soul-brasileira.org\/?s={search_term_string}\"},\"query-input\":{\"@type\":\"PropertyValueSpecification\",\"valueRequired\":true,\"valueName\":\"search_term_string\"}}],\"inLanguage\":\"fr-FR\"}]}<\/script>\n<!-- \/ Yoast SEO plugin. -->","yoast_head_json":{"title":"Samba Enredo - Batucada - Soul Brasileira - Batucada Marseille","robots":{"index":"index","follow":"follow","max-snippet":"max-snippet:-1","max-image-preview":"max-image-preview:large","max-video-preview":"max-video-preview:-1"},"canonical":"https:\/\/www.soul-brasileira.org\/index.php\/marseille-batucada\/","og_locale":"fr_FR","og_type":"article","og_title":"Samba Enredo - Batucada - Soul Brasileira - Batucada Marseille","og_description":"Notre association SouL Brasileira enseigne la batucada dans le style samba enredo \u00e0 Marseille, en transmettant l\u2019\u00e9nergie et la richesse rythmique des \u00e9coles de samba du carnaval de Rio et Sao Paulo. Nous proposons des r\u00e9p\u00e9titions de percussions br\u00e9siliennes ouvertes \u00e0 tou.te.s, dans une ambiance conviviale, festive et collective. Nos r\u00e9p\u00e9titions hebdomadaires permettent de d\u00e9couvrir [&hellip;]","og_url":"https:\/\/www.soul-brasileira.org\/index.php\/marseille-batucada\/","og_site_name":"Soul Brasileira - Batucada Marseille","article_modified_time":"2025-08-31T19:15:42+00:00","twitter_card":"summary_large_image","twitter_misc":{"Dur\u00e9e de lecture estim\u00e9e":"4 minutes"},"schema":{"@context":"https:\/\/schema.org","@graph":[{"@type":"WebPage","@id":"https:\/\/www.soul-brasileira.org\/index.php\/marseille-batucada\/","url":"https:\/\/www.soul-brasileira.org\/index.php\/marseille-batucada\/","name":"Samba Enredo - Batucada - Soul Brasileira - Batucada Marseille","isPartOf":{"@id":"https:\/\/www.soul-brasileira.org\/#website"},"datePublished":"2025-07-11T09:09:28+00:00","dateModified":"2025-08-31T19:15:42+00:00","breadcrumb":{"@id":"https:\/\/www.soul-brasileira.org\/index.php\/marseille-batucada\/#breadcrumb"},"inLanguage":"fr-FR","potentialAction":[{"@type":"ReadAction","target":["https:\/\/www.soul-brasileira.org\/index.php\/marseille-batucada\/"]}]},{"@type":"BreadcrumbList","@id":"https:\/\/www.soul-brasileira.org\/index.php\/marseille-batucada\/#breadcrumb","itemListElement":[{"@type":"ListItem","position":1,"name":"Accueil","item":"https:\/\/www.soul-brasileira.org\/"},{"@type":"ListItem","position":2,"name":"Samba Enredo &#8211; Batucada"}]},{"@type":"WebSite","@id":"https:\/\/www.soul-brasileira.org\/#website","url":"https:\/\/www.soul-brasileira.org\/","name":"Soul Brasileira - Batucada Marseille","description":"","potentialAction":[{"@type":"SearchAction","target":{"@type":"EntryPoint","urlTemplate":"https:\/\/www.soul-brasileira.org\/?s={search_term_string}"},"query-input":{"@type":"PropertyValueSpecification","valueRequired":true,"valueName":"search_term_string"}}],"inLanguage":"fr-FR"}]}},"_links":{"self":[{"href":"https:\/\/www.soul-brasileira.org\/index.php\/wp-json\/wp\/v2\/pages\/152","targetHints":{"allow":["GET"]}}],"collection":[{"href":"https:\/\/www.soul-brasileira.org\/index.php\/wp-json\/wp\/v2\/pages"}],"about":[{"href":"https:\/\/www.soul-brasileira.org\/index.php\/wp-json\/wp\/v2\/types\/page"}],"author":[{"embeddable":true,"href":"https:\/\/www.soul-brasileira.org\/index.php\/wp-json\/wp\/v2\/users\/1"}],"replies":[{"embeddable":true,"href":"https:\/\/www.soul-brasileira.org\/index.php\/wp-json\/wp\/v2\/comments?post=152"}],"version-history":[{"count":28,"href":"https:\/\/www.soul-brasileira.org\/index.php\/wp-json\/wp\/v2\/pages\/152\/revisions"}],"predecessor-version":[{"id":924,"href":"https:\/\/www.soul-brasileira.org\/index.php\/wp-json\/wp\/v2\/pages\/152\/revisions\/924"}],"wp:attachment":[{"href":"https:\/\/www.soul-brasileira.org\/index.php\/wp-json\/wp\/v2\/media?parent=152"}],"curies":[{"name":"wp","href":"https:\/\/api.w.org\/{rel}","templated":true}]}}