{"id":18,"date":"2025-07-09T22:02:33","date_gmt":"2025-07-09T22:02:33","guid":{"rendered":"http:\/\/www.soul-brasileira.org\/?page_id=18"},"modified":"2025-08-29T16:09:59","modified_gmt":"2025-08-29T16:09:59","slug":"soul-brasileira","status":"publish","type":"page","link":"https:\/\/www.soul-brasileira.org\/index.php\/soul-brasileira\/","title":{"rendered":"Qui sommes-nous?"},"content":{"rendered":"<p>[et_pb_section fb_built=\u00a0\u00bb1&Prime; admin_label=\u00a0\u00bbInformation Section\u00a0\u00bb _builder_version=\u00a0\u00bb4.16&Prime; custom_padding=\u00a0\u00bb100px||100px|\u00a0\u00bb global_colors_info=\u00a0\u00bb{}\u00a0\u00bb][et_pb_row admin_label=\u00a0\u00bbInformation Area\u00a0\u00bb _builder_version=\u00a0\u00bb4.16&Prime; max_width=\u00a0\u00bb650px\u00a0\u00bb custom_margin=\u00a0\u00bb|||\u00a0\u00bb use_custom_width=\u00a0\u00bbon\u00a0\u00bb custom_width_px=\u00a0\u00bb650px\u00a0\u00bb global_colors_info=\u00a0\u00bb{}\u00a0\u00bb][et_pb_column type=\u00a0\u00bb4_4&Prime; _builder_version=\u00a0\u00bb4.16&Prime; custom_padding=\u00a0\u00bb|||\u00a0\u00bb global_colors_info=\u00a0\u00bb{}\u00a0\u00bb custom_padding__hover=\u00a0\u00bb|||\u00a0\u00bb][et_pb_text admin_label=\u00a0\u00bbTitle\u00a0\u00bb _builder_version=\u00a0\u00bb4.27.4&Prime; text_font=\u00a0\u00bb||||||||\u00a0\u00bb header_font=\u00a0\u00bb||||||||\u00a0\u00bb header_2_font=\u00a0\u00bbLato||||||||\u00a0\u00bb header_2_font_size=\u00a0\u00bb36px\u00a0\u00bb header_2_line_height=\u00a0\u00bb1.5em\u00a0\u00bb module_alignment=\u00a0\u00bbcenter\u00a0\u00bb custom_margin=\u00a0\u00bb||15px|\u00a0\u00bb custom_padding=\u00a0\u00bb|||\u00a0\u00bb animation_direction=\u00a0\u00bbleft\u00a0\u00bb global_colors_info=\u00a0\u00bb{}\u00a0\u00bb]<\/p>\n<h2>Une association dynamique et engag\u00e9e<\/h2>\n<p>[\/et_pb_text][et_pb_text _builder_version=\u00a0\u00bb4.16&Prime; text_font=\u00a0\u00bb||||||||\u00a0\u00bb text_font_size=\u00a0\u00bb16px\u00a0\u00bb text_line_height=\u00a0\u00bb1.8em\u00a0\u00bb header_font=\u00a0\u00bb||||||||\u00a0\u00bb header_2_font=\u00a0\u00bbLato||||||||\u00a0\u00bb header_2_font_size=\u00a0\u00bb36px\u00a0\u00bb header_2_line_height=\u00a0\u00bb1.5em\u00a0\u00bb module_alignment=\u00a0\u00bbcenter\u00a0\u00bb custom_margin=\u00a0\u00bb||15px|\u00a0\u00bb custom_padding=\u00a0\u00bb|||\u00a0\u00bb animation_direction=\u00a0\u00bbleft\u00a0\u00bb global_colors_info=\u00a0\u00bb{}\u00a0\u00bb]<\/p>\n<p>SouL<strong> Brasileira \u2013 \u00c9nergie, rythme et ambiance br\u00e9silienne !<\/strong><\/p>\n<p>L&rsquo;association SouL Brasileira est un collectif de personnes passion\u00e9es par la musique br\u00e9silienne, la samba et les percussions br\u00e9siliennes, bas\u00e9e \u00e0 <strong>Marseille<\/strong>. <br \/>Nous transmettons et enseignons la musique, la danse et la langue br\u00e9silienne \u00e0 Marseille.<br \/>Nous faisons vibrer les rues, les festivals, les \u00e9v\u00e9nements priv\u00e9s et les carnavals au rythme endiabl\u00e9 de la samba, du samba reggae, du samba enredo, de l\u2019ax\u00e9 et bien d\u2019autres styles afro-br\u00e9siliens.<\/p>\n<p><strong>\u00a0<\/strong><strong>\ud83c\udfb6<\/strong><strong> Une batucada authentique et festive<br \/><\/strong><strong><\/strong><strong><\/strong><strong><\/strong><strong><\/strong><strong><\/strong><strong><\/strong>La\u00a0<strong>batucada<\/strong>, c\u2019est une explosion de sons, une \u00e9nergie contagieuse et une v\u00e9ritable invitation \u00e0 la danse. Nos musicien.ne.s passionn\u00e9.e.s font d\u00e9couvrir au public la richesse des percussions br\u00e9siliennes gr\u00e2ce \u00e0 une performance rythm\u00e9e et visuellement spectaculaire.<\/p>\n<p><strong>\u00a0<\/strong><strong>\ud83c\udfb6<\/strong><strong> Une roda de samba joyeuse<br \/>La roda de samba SouL Brasileira <\/strong>est un moment de partage et de joie o\u00f9 nous chantons les classiques de la samba. Ouverte \u00e0 tou.te.s et \u00e0 tous les niveaux, les r\u00e9p\u00e9titions hebdomadaires sont des moments de convivilait\u00e9, de partage et d&rsquo;apprentissage.<\/p>\n<p>&nbsp;<\/p>\n<p><strong>\ud83d\udccd<\/strong><strong> O\u00f9 nous trouver ?<\/strong><\/p>\n<p>Nos r\u00e9p\u00e9titions ont lieu dans deux lieux \u00e0 Marseille :<br \/>L&rsquo;espace Hyperion pour la roda de samba et la fraternit\u00e9 de la Belle de mai pour le samba reggae, samba enredo, Air BTK et les cours de portugais.<br \/>Notre Bloco da Lili (batucada) se produit dans toute la r\u00e9gion de Marseille et m\u00eame au-del\u00e0 !\u00a0<br \/>Notre roda se produit dans certains bars de la ville de Marseille&#8230;!<br \/><strong>Tous les niveaux sont accept\u00e9s, nous proposons un cours d&rsquo;\u00e9ssai gratuit.<\/strong><\/p>\n<p>&nbsp;<\/p>\n<p><strong>Entreprise et collectivit\u00e9, pourquoi faire appel \u00e0 SouL Brasileira ?<br \/>Que ce soit pour un d\u00e9fil\u00e9, une animation de rue, une inauguration ou un \u00e9v\u00e9nement d\u2019entreprise, nous adaptons notre prestation \u00e0 votre ambiance et vos envies<\/strong><\/p>\n<p>Envie d\u2019ajouter une touche br\u00e9silienne \u00e0 votre \u00e9v\u00e9nement ?\u00a0<strong>Contactez-nous d\u00e8s maintenant<\/strong>\u00a0pour une\u00a0<strong>animation batucada \u00e0 Marseille et sa r\u00e9gion<\/strong>. Que vous soyez un particulier, une entreprise, une association ou une collectivit\u00e9, notre groupe saura rendre votre \u00e9v\u00e9nement inoubliable.<\/p>\n<p>\ud83d\udcde\u00a0<strong>T\u00e9l\u00e9phone : 06 95 08 00 62<\/strong><br \/>\ud83d\udce7\u00a0<strong>Email : simon@soul-brasileira.org<\/strong><br \/>\ud83d\udccd\u00a0<strong>Bas\u00e9s \u00e0 Marseille, nous nous d\u00e9pla\u00e7ons partout en r\u00e9gion SUD.<\/strong><\/p>\n<p>[\/et_pb_text][\/et_pb_column][\/et_pb_row][\/et_pb_section][et_pb_section fb_built=\u00a0\u00bb1&Prime; custom_padding_last_edited=\u00a0\u00bbon|phone\u00a0\u00bb admin_label=\u00a0\u00bbQuote Text Section\u00a0\u00bb _builder_version=\u00a0\u00bb4.27.4&Prime; use_background_color_gradient=\u00a0\u00bbon\u00a0\u00bb background_color_gradient_direction=\u00a0\u00bb90deg\u00a0\u00bb background_color_gradient_stops=\u00a0\u00bb#ffffff 50%|rgba(255,255,255,0) 50%\u00a0\u00bb background_color_gradient_overlays_image=\u00a0\u00bbon\u00a0\u00bb background_color_gradient_start=\u00a0\u00bb#ffffff\u00a0\u00bb background_color_gradient_start_position=\u00a0\u00bb50%\u00a0\u00bb background_color_gradient_end=\u00a0\u00bbrgba(255,255,255,0)\u00a0\u00bb background_color_gradient_end_position=\u00a0\u00bb50%\u00a0\u00bb background_image=\u00a0\u00bbhttp:\/\/www.soul-brasileira.org\/wp-content\/uploads\/2025\/08\/WhatsApp-Image-2025-07-15-at-18.16.35-scaled.jpeg\u00a0\u00bb background_position=\u00a0\u00bbcenter_right\u00a0\u00bb background_horizontal_offset=\u00a0\u00bb0%\u00a0\u00bb custom_padding=\u00a0\u00bb10%||10%|\u00a0\u00bb custom_padding_tablet=\u00a0\u00bb\u00a0\u00bb custom_padding_phone=\u00a0\u00bb\u00a0\u00bb hover_enabled=\u00a0\u00bb0&Prime; global_colors_info=\u00a0\u00bb{}\u00a0\u00bb sticky_enabled=\u00a0\u00bb0&Prime; title_text=\u00a0\u00bbWhatsApp Image 2025-07-15 at 18.16.35&Prime;][et_pb_row admin_label=\u00a0\u00bbQuote Text Area\u00a0\u00bb _builder_version=\u00a0\u00bb4.16&Prime; custom_padding=\u00a0\u00bb|||\u00a0\u00bb global_colors_info=\u00a0\u00bb{}\u00a0\u00bb][et_pb_column type=\u00a0\u00bb4_4&Prime; _builder_version=\u00a0\u00bb4.16&Prime; custom_padding=\u00a0\u00bb|||\u00a0\u00bb global_colors_info=\u00a0\u00bb{}\u00a0\u00bb custom_padding__hover=\u00a0\u00bb|||\u00a0\u00bb][et_pb_text quote_border_weight=\u00a0\u00bb10px\u00a0\u00bb quote_border_color=\u00a0\u00bb#02d002&Prime; admin_label=\u00a0\u00bbQuote\u00a0\u00bb _builder_version=\u00a0\u00bb4.16&Prime; text_font=\u00a0\u00bb||||||||\u00a0\u00bb quote_font=\u00a0\u00bbLato||on||||||\u00a0\u00bb quote_text_color=\u00a0\u00bb#333333&Prime; quote_font_size=\u00a0\u00bb48px\u00a0\u00bb quote_line_height=\u00a0\u00bb1.5em\u00a0\u00bb header_font=\u00a0\u00bb||||||||\u00a0\u00bb header_4_font=\u00a0\u00bb||on||||||\u00a0\u00bb background_color=\u00a0\u00bb#ffffff\u00a0\u00bb module_alignment=\u00a0\u00bbcenter\u00a0\u00bb custom_padding=\u00a0\u00bb8%|8%|8%|0px\u00a0\u00bb animation_style=\u00a0\u00bbslide\u00a0\u00bb animation_direction=\u00a0\u00bbleft\u00a0\u00bb animation_intensity_slide=\u00a0\u00bb6%\u00a0\u00bb animation_starting_opacity=\u00a0\u00bb100%\u00a0\u00bb quote_font_size_tablet=\u00a0\u00bb\u00a0\u00bb quote_font_size_phone=\u00a0\u00bb36px\u00a0\u00bb quote_font_size_last_edited=\u00a0\u00bbon|phone\u00a0\u00bb inline_fonts=\u00a0\u00bbLato\u00a0\u00bb global_colors_info=\u00a0\u00bb{}\u00a0\u00bb]<\/p>\n<blockquote>\n<p><span style=\"font-family: Lato; color: #314775;\"><strong>La musique est un levier puissant pour construire dans la diversit\u00e9 et la compl\u00e9mentarit\u00e9 des projets joyeux qui f\u00e9d\u00e8rent.<\/strong><\/span><\/p>\n<\/blockquote>\n<p>[\/et_pb_text][\/et_pb_column][\/et_pb_row][\/et_pb_section]<\/p>\n","protected":false},"excerpt":{"rendered":"<p>Une association dynamique et engag\u00e9eSouL Brasileira \u2013 \u00c9nergie, rythme et ambiance br\u00e9silienne ! L&rsquo;association SouL Brasileira est un collectif de personnes passion\u00e9es par la musique br\u00e9silienne, la samba et les percussions br\u00e9siliennes, bas\u00e9e \u00e0 Marseille. Nous transmettons et enseignons la musique, la danse et la langue br\u00e9silienne \u00e0 Marseille.Nous faisons vibrer les rues, les festivals, [&hellip;]<\/p>\n","protected":false},"author":1,"featured_media":0,"parent":0,"menu_order":0,"comment_status":"closed","ping_status":"closed","template":"","meta":{"_et_pb_use_builder":"on","_et_pb_old_content":"<!-- wp:divi\/placeholder \/-->","_et_gb_content_width":"","footnotes":""},"class_list":["post-18","page","type-page","status-publish","hentry"],"yoast_head":"<!-- This site is optimized with the Yoast SEO plugin v25.4 - https:\/\/yoast.com\/wordpress\/plugins\/seo\/ -->\n<title>Qui sommes-nous? - Soul Brasileira - Batucada Marseille<\/title>\n<meta name=\"robots\" content=\"index, follow, max-snippet:-1, max-image-preview:large, max-video-preview:-1\" \/>\n<link rel=\"canonical\" href=\"https:\/\/www.soul-brasileira.org\/index.php\/soul-brasileira\/\" \/>\n<meta property=\"og:locale\" content=\"fr_FR\" \/>\n<meta property=\"og:type\" content=\"article\" \/>\n<meta property=\"og:title\" content=\"Qui sommes-nous? - Soul Brasileira - Batucada Marseille\" \/>\n<meta property=\"og:description\" content=\"Une association dynamique et engag\u00e9eSouL Brasileira \u2013 \u00c9nergie, rythme et ambiance br\u00e9silienne ! L&#039;association SouL Brasileira est un collectif de personnes passion\u00e9es par la musique br\u00e9silienne, la samba et les percussions br\u00e9siliennes, bas\u00e9e \u00e0 Marseille. Nous transmettons et enseignons la musique, la danse et la langue br\u00e9silienne \u00e0 Marseille.Nous faisons vibrer les rues, les festivals, [&hellip;]\" \/>\n<meta property=\"og:url\" content=\"https:\/\/www.soul-brasileira.org\/index.php\/soul-brasileira\/\" \/>\n<meta property=\"og:site_name\" content=\"Soul Brasileira - Batucada Marseille\" \/>\n<meta property=\"article:modified_time\" content=\"2025-08-29T16:09:59+00:00\" \/>\n<meta name=\"twitter:card\" content=\"summary_large_image\" \/>\n<meta name=\"twitter:label1\" content=\"Dur\u00e9e de lecture estim\u00e9e\" \/>\n\t<meta name=\"twitter:data1\" content=\"4 minutes\" \/>\n<script type=\"application\/ld+json\" class=\"yoast-schema-graph\">{\"@context\":\"https:\/\/schema.org\",\"@graph\":[{\"@type\":\"WebPage\",\"@id\":\"https:\/\/www.soul-brasileira.org\/index.php\/soul-brasileira\/\",\"url\":\"https:\/\/www.soul-brasileira.org\/index.php\/soul-brasileira\/\",\"name\":\"Qui sommes-nous? - Soul Brasileira - Batucada Marseille\",\"isPartOf\":{\"@id\":\"https:\/\/www.soul-brasileira.org\/#website\"},\"datePublished\":\"2025-07-09T22:02:33+00:00\",\"dateModified\":\"2025-08-29T16:09:59+00:00\",\"breadcrumb\":{\"@id\":\"https:\/\/www.soul-brasileira.org\/index.php\/soul-brasileira\/#breadcrumb\"},\"inLanguage\":\"fr-FR\",\"potentialAction\":[{\"@type\":\"ReadAction\",\"target\":[\"https:\/\/www.soul-brasileira.org\/index.php\/soul-brasileira\/\"]}]},{\"@type\":\"BreadcrumbList\",\"@id\":\"https:\/\/www.soul-brasileira.org\/index.php\/soul-brasileira\/#breadcrumb\",\"itemListElement\":[{\"@type\":\"ListItem\",\"position\":1,\"name\":\"Accueil\",\"item\":\"https:\/\/www.soul-brasileira.org\/\"},{\"@type\":\"ListItem\",\"position\":2,\"name\":\"Qui sommes-nous?\"}]},{\"@type\":\"WebSite\",\"@id\":\"https:\/\/www.soul-brasileira.org\/#website\",\"url\":\"https:\/\/www.soul-brasileira.org\/\",\"name\":\"Soul Brasileira - Batucada Marseille\",\"description\":\"\",\"potentialAction\":[{\"@type\":\"SearchAction\",\"target\":{\"@type\":\"EntryPoint\",\"urlTemplate\":\"https:\/\/www.soul-brasileira.org\/?s={search_term_string}\"},\"query-input\":{\"@type\":\"PropertyValueSpecification\",\"valueRequired\":true,\"valueName\":\"search_term_string\"}}],\"inLanguage\":\"fr-FR\"}]}<\/script>\n<!-- \/ Yoast SEO plugin. -->","yoast_head_json":{"title":"Qui sommes-nous? - Soul Brasileira - Batucada Marseille","robots":{"index":"index","follow":"follow","max-snippet":"max-snippet:-1","max-image-preview":"max-image-preview:large","max-video-preview":"max-video-preview:-1"},"canonical":"https:\/\/www.soul-brasileira.org\/index.php\/soul-brasileira\/","og_locale":"fr_FR","og_type":"article","og_title":"Qui sommes-nous? - Soul Brasileira - Batucada Marseille","og_description":"Une association dynamique et engag\u00e9eSouL Brasileira \u2013 \u00c9nergie, rythme et ambiance br\u00e9silienne ! L'association SouL Brasileira est un collectif de personnes passion\u00e9es par la musique br\u00e9silienne, la samba et les percussions br\u00e9siliennes, bas\u00e9e \u00e0 Marseille. Nous transmettons et enseignons la musique, la danse et la langue br\u00e9silienne \u00e0 Marseille.Nous faisons vibrer les rues, les festivals, [&hellip;]","og_url":"https:\/\/www.soul-brasileira.org\/index.php\/soul-brasileira\/","og_site_name":"Soul Brasileira - Batucada Marseille","article_modified_time":"2025-08-29T16:09:59+00:00","twitter_card":"summary_large_image","twitter_misc":{"Dur\u00e9e de lecture estim\u00e9e":"4 minutes"},"schema":{"@context":"https:\/\/schema.org","@graph":[{"@type":"WebPage","@id":"https:\/\/www.soul-brasileira.org\/index.php\/soul-brasileira\/","url":"https:\/\/www.soul-brasileira.org\/index.php\/soul-brasileira\/","name":"Qui sommes-nous? - Soul Brasileira - Batucada Marseille","isPartOf":{"@id":"https:\/\/www.soul-brasileira.org\/#website"},"datePublished":"2025-07-09T22:02:33+00:00","dateModified":"2025-08-29T16:09:59+00:00","breadcrumb":{"@id":"https:\/\/www.soul-brasileira.org\/index.php\/soul-brasileira\/#breadcrumb"},"inLanguage":"fr-FR","potentialAction":[{"@type":"ReadAction","target":["https:\/\/www.soul-brasileira.org\/index.php\/soul-brasileira\/"]}]},{"@type":"BreadcrumbList","@id":"https:\/\/www.soul-brasileira.org\/index.php\/soul-brasileira\/#breadcrumb","itemListElement":[{"@type":"ListItem","position":1,"name":"Accueil","item":"https:\/\/www.soul-brasileira.org\/"},{"@type":"ListItem","position":2,"name":"Qui sommes-nous?"}]},{"@type":"WebSite","@id":"https:\/\/www.soul-brasileira.org\/#website","url":"https:\/\/www.soul-brasileira.org\/","name":"Soul Brasileira - Batucada Marseille","description":"","potentialAction":[{"@type":"SearchAction","target":{"@type":"EntryPoint","urlTemplate":"https:\/\/www.soul-brasileira.org\/?s={search_term_string}"},"query-input":{"@type":"PropertyValueSpecification","valueRequired":true,"valueName":"search_term_string"}}],"inLanguage":"fr-FR"}]}},"_links":{"self":[{"href":"https:\/\/www.soul-brasileira.org\/index.php\/wp-json\/wp\/v2\/pages\/18","targetHints":{"allow":["GET"]}}],"collection":[{"href":"https:\/\/www.soul-brasileira.org\/index.php\/wp-json\/wp\/v2\/pages"}],"about":[{"href":"https:\/\/www.soul-brasileira.org\/index.php\/wp-json\/wp\/v2\/types\/page"}],"author":[{"embeddable":true,"href":"https:\/\/www.soul-brasileira.org\/index.php\/wp-json\/wp\/v2\/users\/1"}],"replies":[{"embeddable":true,"href":"https:\/\/www.soul-brasileira.org\/index.php\/wp-json\/wp\/v2\/comments?post=18"}],"version-history":[{"count":30,"href":"https:\/\/www.soul-brasileira.org\/index.php\/wp-json\/wp\/v2\/pages\/18\/revisions"}],"predecessor-version":[{"id":887,"href":"https:\/\/www.soul-brasileira.org\/index.php\/wp-json\/wp\/v2\/pages\/18\/revisions\/887"}],"wp:attachment":[{"href":"https:\/\/www.soul-brasileira.org\/index.php\/wp-json\/wp\/v2\/media?parent=18"}],"curies":[{"name":"wp","href":"https:\/\/api.w.org\/{rel}","templated":true}]}}